{"id":613,"date":"2024-12-01T03:55:11","date_gmt":"2024-12-01T03:55:11","guid":{"rendered":"https:\/\/cybelevarela.com\/biografia\/"},"modified":"2024-12-22T04:32:55","modified_gmt":"2024-12-22T04:32:55","slug":"biografia","status":"publish","type":"page","link":"https:\/\/cybelevarela.com\/pt-br\/biografia\/","title":{"rendered":"Biografia"},"content":{"rendered":"\t\t<div data-elementor-type=\"wp-page\" data-elementor-id=\"613\" class=\"elementor elementor-613 elementor-25\" data-elementor-post-type=\"page\">\n\t\t\t\t\t\t<section class=\"elementor-section elementor-top-section elementor-element elementor-element-210fe55 elementor-section-boxed elementor-section-height-default elementor-section-height-default\" data-id=\"210fe55\" data-element_type=\"section\" data-e-type=\"section\">\n\t\t\t\t\t\t<div class=\"elementor-container elementor-column-gap-default\">\n\t\t\t\t\t<div class=\"elementor-column elementor-col-100 elementor-top-column elementor-element elementor-element-93b31dc\" data-id=\"93b31dc\" data-element_type=\"column\" data-e-type=\"column\">\n\t\t\t<div class=\"elementor-widget-wrap elementor-element-populated\">\n\t\t\t\t\t\t<div class=\"elementor-element elementor-element-896d6eb elementor-icon-list--layout-inline elementor-list-item-link-full_width elementor-widget elementor-widget-icon-list\" data-id=\"896d6eb\" data-element_type=\"widget\" data-e-type=\"widget\" data-widget_type=\"icon-list.default\">\n\t\t\t\t\t\t\t<ul class=\"elementor-icon-list-items elementor-inline-items\">\n\t\t\t\t\t\t\t<li class=\"elementor-icon-list-item elementor-inline-item\">\n\t\t\t\t\t\t\t\t\t\t\t<a href=\"https:\/\/cybelevarela.com\/pt-br\/biografia\/\">\n\n\t\t\t\t\t\t\t\t\t\t\t<span class=\"elementor-icon-list-text\"><span style=\"color: #ff6600\">Biografia<\/span><\/span>\n\t\t\t\t\t\t\t\t\t\t\t<\/a>\n\t\t\t\t\t\t\t\t\t<\/li>\n\t\t\t\t\t\t\t\t<li class=\"elementor-icon-list-item elementor-inline-item\">\n\t\t\t\t\t\t\t\t\t\t<span class=\"elementor-icon-list-text\"> Entrevistas <\/span>\n\t\t\t\t\t\t\t\t\t<\/li>\n\t\t\t\t\t\t\t\t<li class=\"elementor-icon-list-item elementor-inline-item\">\n\t\t\t\t\t\t\t\t\t\t\t<a href=\"https:\/\/cybelevarela.com\/pt-br\/colecoes\/\">\n\n\t\t\t\t\t\t\t\t\t\t\t<span class=\"elementor-icon-list-text\">Cole\u00e7\u00f5es<\/span>\n\t\t\t\t\t\t\t\t\t\t\t<\/a>\n\t\t\t\t\t\t\t\t\t<\/li>\n\t\t\t\t\t\t<\/ul>\n\t\t\t\t\t\t<\/div>\n\t\t\t\t<div class=\"elementor-element elementor-element-dee863c elementor-widget elementor-widget-text-editor\" data-id=\"dee863c\" data-element_type=\"widget\" data-e-type=\"widget\" data-widget_type=\"text-editor.default\">\n\t\t\t\t\t\t\t\t\t<p><img fetchpriority=\"high\" decoding=\"async\" class=\"alignleft wp-image-52 size-full\" src=\"https:\/\/cybelevarela.com\/wp-content\/uploads\/2024\/12\/cybele_bio.jpg\" alt=\"\" width=\"209\" height=\"441\" srcset=\"https:\/\/cybelevarela.com\/wp-content\/uploads\/2024\/12\/cybele_bio.jpg 209w, https:\/\/cybelevarela.com\/wp-content\/uploads\/2024\/12\/cybele_bio-142x300.jpg 142w\" sizes=\"(max-width: 209px) 100vw, 209px\" \/>Cyb\u00e8le Varela fez um curso de cinco anos no Museu de Arte Moderna (MAM) do Rio e sua forma\u00e7\u00e3o foi complementada por estudos de hist\u00f3ria da arte na \u00c9cole du Louvre e na \u00c9cole des Hautes Etudes-Sorbonne, gra\u00e7as a duas bolsas de estudo concedidas pelo governo franc\u00eas, em 1968 e em 1971. No entanto, sua carreira come\u00e7ou como autodidata, e ela recebeu seu primeiro pr\u00eamio aos 16 anos de idade do Museu Nacional de Belas Artes do Rio de Janeiro.<\/p>\n<p>Iniciou sua carreira no Brasil na d\u00e9cada de 60 com pinturas e objetos, incluindo posteriormente a fotografia e o v\u00eddeo em suas atividades. Em suas primeiras pinturas e objetos, ela desenvolveu uma aprecia\u00e7\u00e3o cr\u00edtica e muitas vezes ir\u00f4nica da vida urbana, que foi muito influenciada pela Pop Art americana e fez parte de um movimento local chamado Tropicalismo.<\/p>\n<p>Sua pesquisa desperta interesse geral e angaria o apoio de cr\u00edticos de arte ativos e conhecidos, como Jayme Mauricio, Walmir Ayala, Frederico Morais, Jos\u00e9 Roberto Teixeira Leite e Francisco Bittencourt. Ap\u00f3s as bolsas de estudo concedidas pelo governo franc\u00eas, ela se mudou para Paris e foi artista residente na Cit\u00e9 Internationale des Arts. Em Paris, ela come\u00e7ou a se concentrar na representa\u00e7\u00e3o autorreflexiva da natureza, em uma s\u00e9rie de pinturas, fotografias e v\u00eddeos que intitulou &#8220;Images&#8221;. Essa pesquisa, por meio da qual ela questionou a representa\u00e7\u00e3o amb\u00edgua da apar\u00eancia, enquadrou-se na onda narrativa da Figura\u00e7\u00e3o e foi avaliada por importantes cr\u00edticos franceses, como Pierre Restany, Jean Luc Chalumeau e G\u00e9rald Gassiot-Talabot. Jean-Jacques L\u00e9v\u00eaque e Jean-Marie Dunoyer.<\/p>\n\t\t\t\t\t\t\t\t<\/div>\n\t\t\t\t<div class=\"elementor-element elementor-element-76ad3ad elementor-widget elementor-widget-text-editor\" data-id=\"76ad3ad\" data-element_type=\"widget\" data-e-type=\"widget\" data-widget_type=\"text-editor.default\">\n\t\t\t\t\t\t\t\t\t<p>Seu trabalho evoluiu progressivamente para uma constru\u00e7\u00e3o geom\u00e9trica do espa\u00e7o, uma pesquisa que ela manteve depois de se mudar para a Su\u00ed\u00e7a em 1978. Nesses trabalhos, a ambiguidade do real \u00e9 transcrita por meio da interposi\u00e7\u00e3o de elementos fragment\u00e1rios, como a imagem de uma \u00e1rvore ou de nuvens, mostrada por meio de fotografia ou v\u00eddeo. A realidade, manipulada em excesso, torna-se irrealidade, conforme descrito por Sylvio Acatos e Monique Priscille.<\/p>\n<p>Nos anos 90, ela desenvolve uma s\u00e9rie de trabalhos que encenam bancos p\u00fablicos e jardins tropicais. Ap\u00f3s uma estada na Irlanda e na Bretanha, ela come\u00e7a a integrar temas da cultura celta e elementos naturais.<\/p>\n<p>A partir de 2000, seu interesse mudou para a autorrepresenta\u00e7\u00e3o, em uma s\u00e9rie de pinturas, fotografias e v\u00eddeos, em que ela aparece com o rosto pintado de vermelho ou usando m\u00e1scaras, por meio das quais questiona a imagem do artista.<\/p>\n<p>Varela exp\u00f4s amplamente em galerias e museus de todo o mundo, na Europa, nos EUA e na Am\u00e9rica do Sul, e em grandes festivais, como a Bienal de S\u00e3o Paulo. Seu trabalho faz parte de v\u00e1rias cole\u00e7\u00f5es p\u00fablicas e privadas internacionais, como o Centre George Pompidou, em Paris, e o Museu de Arte Assis Chateaubriand (MASP), em S\u00e3o Paulo.<\/p>\n\t\t\t\t\t\t\t\t<\/div>\n\t\t\t\t\t<\/div>\n\t\t<\/div>\n\t\t\t\t\t<\/div>\n\t\t<\/section>\n\t\t\t\t<\/div>\n\t\t","protected":false},"excerpt":{"rendered":"<p>Biografia Entrevistas Cole\u00e7\u00f5es Cyb\u00e8le Varela fez um curso de cinco anos no Museu de Arte Moderna (MAM) do Rio e sua forma\u00e7\u00e3o foi complementada por estudos de hist\u00f3ria da arte na \u00c9cole du Louvre e na \u00c9cole des Hautes Etudes-Sorbonne, gra\u00e7as a duas bolsas de estudo concedidas pelo governo franc\u00eas, em 1968 e em 1971. [&hellip;]<\/p>\n","protected":false},"author":1,"featured_media":0,"parent":0,"menu_order":0,"comment_status":"closed","ping_status":"closed","template":"elementor_header_footer","meta":{"footnotes":""},"class_list":["post-613","page","type-page","status-publish","hentry"],"_links":{"self":[{"href":"https:\/\/cybelevarela.com\/pt-br\/wp-json\/wp\/v2\/pages\/613","targetHints":{"allow":["GET"]}}],"collection":[{"href":"https:\/\/cybelevarela.com\/pt-br\/wp-json\/wp\/v2\/pages"}],"about":[{"href":"https:\/\/cybelevarela.com\/pt-br\/wp-json\/wp\/v2\/types\/page"}],"author":[{"embeddable":true,"href":"https:\/\/cybelevarela.com\/pt-br\/wp-json\/wp\/v2\/users\/1"}],"replies":[{"embeddable":true,"href":"https:\/\/cybelevarela.com\/pt-br\/wp-json\/wp\/v2\/comments?post=613"}],"version-history":[{"count":6,"href":"https:\/\/cybelevarela.com\/pt-br\/wp-json\/wp\/v2\/pages\/613\/revisions"}],"predecessor-version":[{"id":896,"href":"https:\/\/cybelevarela.com\/pt-br\/wp-json\/wp\/v2\/pages\/613\/revisions\/896"}],"wp:attachment":[{"href":"https:\/\/cybelevarela.com\/pt-br\/wp-json\/wp\/v2\/media?parent=613"}],"curies":[{"name":"wp","href":"https:\/\/api.w.org\/{rel}","templated":true}]}}

<div data-elementor-type="wp-page" data-elementor-id="613" class="elementor elementor-613 elementor-25" data-elementor-post-type="page">
						<section class="elementor-section elementor-top-section elementor-element elementor-element-210fe55 elementor-section-boxed elementor-section-height-default elementor-section-height-default" data-id="210fe55" data-element_type="section" data-e-type="section">
						<div class="elementor-container elementor-column-gap-default">
					<div class="elementor-column elementor-col-100 elementor-top-column elementor-element elementor-element-93b31dc" data-id="93b31dc" data-element_type="column" data-e-type="column">
			<div class="elementor-widget-wrap elementor-element-populated">
						<div class="elementor-element elementor-element-896d6eb elementor-icon-list--layout-inline elementor-list-item-link-full_width elementor-widget elementor-widget-icon-list" data-id="896d6eb" data-element_type="widget" data-e-type="widget" data-widget_type="icon-list.default">
							<ul class="elementor-icon-list-items elementor-inline-items">
							<li class="elementor-icon-list-item elementor-inline-item">
											<a href="https://cybelevarela.com/pt-br/biografia/">

											<span class="elementor-icon-list-text"><span style="color: #ff6600">Biografia</span></span>
											</a>
									</li>
								<li class="elementor-icon-list-item elementor-inline-item">
										<span class="elementor-icon-list-text"> Entrevistas </span>
									</li>
								<li class="elementor-icon-list-item elementor-inline-item">
											<a href="https://cybelevarela.com/pt-br/colecoes/">

											<span class="elementor-icon-list-text">Coleções</span>
											</a>
									</li>
						</ul>
						</div>
				<div class="elementor-element elementor-element-dee863c elementor-widget elementor-widget-text-editor" data-id="dee863c" data-element_type="widget" data-e-type="widget" data-widget_type="text-editor.default">
									<p><img fetchpriority="high" decoding="async" class="alignleft wp-image-52 size-full" src="https://cybelevarela.com/wp-content/uploads/2024/12/cybele_bio.jpg" alt="" width="209" height="441" srcset="https://cybelevarela.com/wp-content/uploads/2024/12/cybele_bio.jpg 209w, https://cybelevarela.com/wp-content/uploads/2024/12/cybele_bio-142x300.jpg 142w" sizes="(max-width: 209px) 100vw, 209px" />Cybèle Varela fez um curso de cinco anos no Museu de Arte Moderna (MAM) do Rio e sua formação foi complementada por estudos de história da arte na École du Louvre e na École des Hautes Etudes-Sorbonne, graças a duas bolsas de estudo concedidas pelo governo francês, em 1968 e em 1971. No entanto, sua carreira começou como autodidata, e ela recebeu seu primeiro prêmio aos 16 anos de idade do Museu Nacional de Belas Artes do Rio de Janeiro.</p>
<p>Iniciou sua carreira no Brasil na década de 60 com pinturas e objetos, incluindo posteriormente a fotografia e o vídeo em suas atividades. Em suas primeiras pinturas e objetos, ela desenvolveu uma apreciação crítica e muitas vezes irônica da vida urbana, que foi muito influenciada pela Pop Art americana e fez parte de um movimento local chamado Tropicalismo.</p>
<p>Sua pesquisa desperta interesse geral e angaria o apoio de críticos de arte ativos e conhecidos, como Jayme Mauricio, Walmir Ayala, Frederico Morais, José Roberto Teixeira Leite e Francisco Bittencourt. Após as bolsas de estudo concedidas pelo governo francês, ela se mudou para Paris e foi artista residente na Cité Internationale des Arts. Em Paris, ela começou a se concentrar na representação autorreflexiva da natureza, em uma série de pinturas, fotografias e vídeos que intitulou &#8220;Images&#8221;. Essa pesquisa, por meio da qual ela questionou a representação ambígua da aparência, enquadrou-se na onda narrativa da Figuração e foi avaliada por importantes críticos franceses, como Pierre Restany, Jean Luc Chalumeau e Gérald Gassiot-Talabot. Jean-Jacques Lévêque e Jean-Marie Dunoyer.</p>
								</div>
				<div class="elementor-element elementor-element-76ad3ad elementor-widget elementor-widget-text-editor" data-id="76ad3ad" data-element_type="widget" data-e-type="widget" data-widget_type="text-editor.default">
									<p>Seu trabalho evoluiu progressivamente para uma construção geométrica do espaço, uma pesquisa que ela manteve depois de se mudar para a Suíça em 1978. Nesses trabalhos, a ambiguidade do real é transcrita por meio da interposição de elementos fragmentários, como a imagem de uma árvore ou de nuvens, mostrada por meio de fotografia ou vídeo. A realidade, manipulada em excesso, torna-se irrealidade, conforme descrito por Sylvio Acatos e Monique Priscille.</p>
<p>Nos anos 90, ela desenvolve uma série de trabalhos que encenam bancos públicos e jardins tropicais. Após uma estada na Irlanda e na Bretanha, ela começa a integrar temas da cultura celta e elementos naturais.</p>
<p>A partir de 2000, seu interesse mudou para a autorrepresentação, em uma série de pinturas, fotografias e vídeos, em que ela aparece com o rosto pintado de vermelho ou usando máscaras, por meio das quais questiona a imagem do artista.</p>
<p>Varela expôs amplamente em galerias e museus de todo o mundo, na Europa, nos EUA e na América do Sul, e em grandes festivais, como a Bienal de São Paulo. Seu trabalho faz parte de várias coleções públicas e privadas internacionais, como o Centre George Pompidou, em Paris, e o Museu de Arte Assis Chateaubriand (MASP), em São Paulo.</p>
								</div>
					</div>
		</div>
					</div>
		</section>
				</div>

<p>Biografia Entrevistas Coleções Cybèle Varela fez um curso de cinco anos no Museu de Arte Moderna (MAM) do Rio e sua formação foi complementada por estudos de história da arte na École du Louvre e na École des Hautes Etudes-Sorbonne, graças a duas bolsas de estudo concedidas pelo governo francês, em 1968 e em 1971. [&hellip;]</p>
